r when y is divided by 81?
22
Suppose -5*r - 5*j = -5090, 159*r + 3062 = 162*r - 5*j. What is the remainder when r is divided by 121?
51
Suppose 1434 - 1701 = -3*o - 3*j, -3*o + 333 = -3*j. Let q(v) = 3*v**2 - v - 2. What is the remainder when o is divided by q(2)?
4
What is the remainder when (-6 - -2*154/49)*1883 is divided by 34?
28
Suppose 261*b = 228*b + 1650. Calculate the remainder when 537 is divided by b.
37
Let d(r) = 2*r**2 + 11*r + 39. Suppose -5*b - 61 = -o, 12*b - 10*b = -5*o + 467. What is the remainder when d(16) is divided by o?
90
Suppose -5*q = -5*a + 10, -q + 2*q = -4*a - 2. What is the remainder when 78 is divided by (3 + q - -13)*9/6?
15
Let z = 1700 + -2554. Let n = 978 + z. Calculate the remainder when n is divided by 45.
34
Let r(v) = 5*v**2 + 88*v - 17. Suppose p - 170 = 4*o, -2*p + 2*o + 2*o = -356. Suppose -2*g = -4*g + p. What is the remainder when g is divided by r(-18)?
17
Let s(f) = -f**3 + 6*f**2 - 3*f + 5. Let b be s(5). Suppose 0 = b*u + 10*u - 3850. What is the remainder when u is divided by 31?
30
What is the remainder when 1158 is divided by 8/12 + 865*8/60?
114
Let q(j) = -j**3 + 12*j**2 - 7*j + 5. Suppose y = -3*k + 49, 3*y = 2*y - 2. Calculate the remainder when q(11) is divided by k.
15
Let z = 43 - 42. Let u(j) = 5*j**2 + 3*j - 2. Let v be u(z). Suppose v*d + 90 = 9*d. What is the remainder when 57 is divided by d?
27
Let a(l) be the first derivative of -25*l**2/2 - 71*l - 65. What is the remainder when 202 is divided by a(-4)?
28
Suppose 3*b - 351 = -2*z, -b + 4*z + 89 = -0*z. Calculate the remainder when 1806 is divided by b.
111
What is the remainder when 822/8*(-6600)/(-198) is divided by 27?
23
Let l = 5235 - 5175. Calculate the remainder when 338 is divided by l.
38
Calculate the remainder when 592 is divided by 1850/18 - -5 - ((-258)/(-54) - 5).
52
Suppose 112*n = 105*n - 63, 2*g - n - 787 = 0. Calculate the remainder when g is divided by 52.
25
Let n(s) = -4*s**2 + 58*s - 12. Let t = -13 - -27. What is the remainder when 252 is divided by n(t)?
12
Suppose -40 = 4*z - 4*d, 489*z + 32 = 487*z + 3*d. Suppose -3*x + 3 = -0. What is the remainder when z is divided by 1*2*(2 - x)?
0
Suppose 0 = -120*b + 14577 + 55383. What is the remainder when b is divided by 126?
79
Let m(a) be the first derivative of a**3/3 - 21*a**2/2 + 19*a - 69. Calculate the remainder when m(23) is divided by 18.
11
Let j(b) = b**2 + 9*b + 6. Let x be j(-5). Let n = -5 - x. Suppose -103*a + 26 = -102*a. Calculate the remainder when a is divided by n.
8
Suppose 14*d = 21*d - 245. What is the remainder when 167 is divided by d + -6 + 4 + 1?
31
Suppose -865*s - 5211 = -867*s + 3*b, -3*s + 7800 = b. What is the remainder when s is divided by 21?
18
Suppose 96*t - 19180 = -44*t. What is the remainder when 956 is divided by t?
134
Let f = -23 - -25. Suppose f*m + 4*k = -62, -k + 0*k - 78 = 3*m. What is the remainder when 88 is divided by 3*m*6/(-15)?
28
Calculate the remainder when (163 + 1)/(5 - 4) is divided by (-25531)/(-1331) + ((-6)/33 - 0) + 0.
12
What is the remainder when -1 - (1 + 2 + -7 + -497 + 17) is divided by 4?
3
Suppose -2896 = -4*d - 3*w, 183*d - 2*w = 188*d - 3627. What is the remainder when d is divided by 24?
7
Suppose -2854 - 1267 - 1054 = -23*a. Suppose -4*l + 8*l - 260 = 0. Calculate the remainder when a is divided by l.
30
Let d = 5565 - 2669. What is the remainder when d is divided by 290?
286
Suppose -18*f = -6*f - 1272. Let t = 118 - f. What is the remainder when t is divided by (-2)/(-3)*(-42)/(-4)?
5
Let w(t) = -2*t**2 + 323*t + 6083. Calculate the remainder when 8888 is divided by w(-17).
12
Suppose 323 = 3*v + 2*g, 8*v = 3*g + 229 + 599. Suppose -t + 10 = 1. Calculate the remainder when v is divided by t.
6
Let j = -3293 + 3331. Calculate the remainder when j is divided by 4.
2
Let o = -3538 + 3566. What is the remainder when o is divided by 14?
0
Let q(w) = 90*w**3 + w**2 - 36*w + 75. Calculate the remainder when q(2) is divided by 179.
11
Let p be (55/(-22))/(2 + (-10)/4). Suppose -5*s + 7*u - 25 = 2*u, 3*s + p*u = 17. Let t(i) = 221*i**2 + i + 2. What is the remainder when t(s) is divided by 45?
42
Let z(l) be the third derivative of -l**6/120 - l**5/5 - 29*l**4/24 - l**3/6 - 5*l**2 + 10*l. What is the remainder when 65 is divided by z(-9)?
14
Let u = 374 + -247. Suppose 0 = 4*k - u + 27. Calculate the remainder when 75 is divided by k.
0
Suppose l - 24 = -16. Let c(n) = 4 - 11*n - 1 + n**2 + l*n. Calculate the remainder when 9 is divided by c(0).
0
Suppose 2*c - a = 52, -4*c + 141 = -3*a + 35. Calculate the remainder when (-20)/6*(-285)/c is divided by 4.
2
Suppose 6*w - 796 = -3*b + 8*w, -817 = -3*b - w. Calculate the remainder when b is divided by 28.
18
Let b(q) be the second derivative of -5*q**3/2 - 79*q**2 + 22*q + 2. What is the remainder when 658 is divided by b(-12)?
20
Suppose 2*h - c - 197 = 0, 137 = 2*h - 2*c - 55. What is the remainder when 291 is divided by h?
89
Let a be (0/(-2))/(-17 - -14). Suppose a = -5*w + 9*w - 20. Suppose s = w, 0*s = 2*j + 2*s - 62. Calculate the remainder when 73 is divided by j.
21
Suppose 0 = 10368*g - 10372*g - 3*w + 322, 0 = -3*g + 2*w + 216. What is the remainder when (-2)/5 - (-12501)/15 is divided by g?
73
Suppose 0 = -13*c + 45 + 280 + 52. Calculate the remainder when c is divided by 19.
10
Suppose 9*j + 9*j - 5371 + 1735 = 0. Suppose 45 = 3*q + 3*o, -o - 4*o = -5*q + 125. What is the remainder when j is divided by q?
2
Let y = -7937 + 8033. What is the remainder when 306 is divided by y?
18
Let t = 10 - 2. Suppose 5*z - 190 = n - 5*n, 2*z - 53 = 3*n. Suppose 2*r - 6 - z = 0. Calculate the remainder when r is divided by t.
4
Let d(t) = -t**3 + 97*t**2 + 199*t + 2099. What is the remainder when d(99) is divided by 278?
252
Suppose 25866 = 60*s - 13674. Calculate the remainder when s is divided by 299.
61
Let a(r) = -45*r - 1164. Suppose 278 - 26 = t. Calculate the remainder when t is divided by a(-27).
48
Suppose -6*v - m = -5*v - 5688, 11394 = 2*v - m. What is the remainder when v is divided by 5?
4
Let h(a) = -3*a**2 - 1399*a + 1500*a - 30 + 0*a**2. Calculate the remainder when h(31) is divided by 20.
18
Let z(c) = -23*c - 15. Let p(h) = -12*h - 7. Let i(x) = -11*p(x) + 6*z(x). Let r be i(-8). Let f = -14 + r. Calculate the remainder when 40 is divided by f.
19
Let u = 1716 - -1427. Calculate the remainder when u is divided by 37.
35
What is the remainder when (1 - 773)*15/(-240)*36 is divided by 58?
55
Let h = 2641 - 2623. Calculate the remainder when 573 is divided by h.
15
Suppose 1040 = 106*g - 433 - 1071. Calculate the remainder when 2830 is divided by g.
22
Let i = 5 + -1. Let c = -270 - -344. Suppose 0 = -c*m + 72*m + 20. Calculate the remainder when m is divided by i.
2
Let f = -7428 - -7955. Calculate the remainder when f is divided by 23.
21
Suppose 4*c + 48 = -4*u, 40 = -4*u + 2*c - 4*c. Suppose 3*p = 6*p - 171. Calculate the remainder when p is divided by 18/u*1440/(-108).
27
Let l(q) = 28*q + 51. Let j be l(4). Suppose -13*r + 760 = -j. What is the remainder when r is divided by 24?
23
Let f(i) = i**3 - 10*i**2 - 19*i + 9. Suppose -9*c = -6*c + 30. What is the remainder when f(12) is divided by (0/4 - c) + 2?
9
Let c(f) = 34*f - 53. Let u be c(-6). Let i = 399 + u. What is the remainder when i is divided by 48?
46
Suppose 474 = -2*j - 4*x, j - 5*x = -202 - 63. Let p = -108 - j. Calculate the remainder when p is divided by 18.
11
Let x = -6209 + 6305. Calculate the remainder when 204 is divided by x.
12
Let n(z) = z**3 + 17*z**2 - 17*z - 651. Calculate the remainder when 281 is divided by n(-15).
11
Let j = -16 - -15. Let k be 3 + 0 + j + 0. Suppose -4*u + k*u = -20. What is the remainder when 28 is divided by u?
8
Let s(r) = 3*r**3 - r**2 + r. Let v be s(2). Let w be v/(-8)*(-144)/12. Suppose 6*z - w = 3*z. What is the remainder when z is divided by 9?
2
Let d(u) = -175*u - 2437. What is the remainder when d(-17) is divided by 32?
26
Suppose -3*y - y + 48 = 0. Suppose -8*r + 76 - 1196 = 0. Let v = -96 - r. What is the remainder when v is divided by y?
8
Suppose -4*z + 3*i = i + 14, -3*z = -2*i + 12. Let d be 4/z - (-88)/4. Suppose -5*h - 4*t = -27, 3*h = t + 3 + d. What is the remainder when 32 is divided by h?
4
Let n(p) = 4*p - 